+ 6*m - 6. Give t(b).
18
Let w(b) = -b**2 - 5*b - 5. Let y be w(-2). Let c(q) = 3*q**2 + 5*q - 3. Let i(k) = 8*k**2 + 14*k - 8. Let h(o) = -11*c(o) + 4*i(o). What is h(y)?
1
Suppose -m + h = 3*h - 8, -4*h = 5*m - 10. Let a(c) = 9*c**3 + c**2 + c - 6. Let f(n) = 7*n**3 + n**2 + n - 5. Let w(b) = 3*a(b) - 4*f(b). Give w(m).
8
Let k(h) be the first derivative of -h**2 - 6*h - 388. What is k(-8)?
10
Let a(n) = -n**2 - 8*n + 15. Let y(x) = -x**2 - 2*x - 2. Let p be y(2). Calculate a(p).
-5
Let h(x) = -4*x - 5 + 9 + 6 + 3*x. Determine h(6).
4
Let o(s) = 2*s. Let m = 18 - 13. Suppose 7 = n + g + g, -4*n = -3*g + m. Let x(a) = 1. Let t(d) = n*o(d) + 2*x(d). Calculate t(-4).
-6
Let s be (2 + (-54)/24)*12/(-9). Let h(y) be the first derivative of 7 - 2*y**2 + 0*y + s*y**3. What is h(4)?
0
Let n(k) = -k**3 - 4*k**2 + 8*k - 5. Let z be 32/40*(7/2 + -1). Suppose -j + 2*j - 7 = z*u, u + 31 = -5*j. Give n(u).
19
Let d(t) = t**3 + 17*t**2 + t + 20. Let m be d(-17). Let c(k) = 0 - 201*k + 202*k - k**m - 6. What is c(0)?
-6
Let d = 4 + 1. Suppose -2*j = d - 1. Let n(s) be the second derivative of s**5/20 + s**4/4 + s**3/3 - s**2 - 3*s. Determine n(j).
-2
Suppose -9 = 6*c + 3*j, -10 = 3*j - 1. Let x(p) be the third derivative of 0 + 11/24*p**4 + c*p + 0*p**3 - 3*p**2. Calculate x(1).
11
Let j(y) = -4 + 1 + 6*y - 2*y**2 + y**2. Let i(t) = -2*t + 28. Let h be i(12). Let l be (-26)/(-6) - h/12. Determine j(l).
5
Let w(q) = -4*q - 1. Let o(z) = -2*z + 3. Let t be o(7). Let j(d) = -d**3 - 10*d**2 + 11*d + 1. Let i be j(t). Calculate w(i).
-5
Let x(s) = s - 8. Let i be x(7). Let d = 3 - i. Let y(v) = 0*v + d*v + 5*v**2 - 2*v + v + 2. Determine y(-2).
16
Let c(o) = -502*o**2 + o + 2*o + 4 + 503*o**2. Let t(m) = m - 1. Let l be t(-3). Determine c(l).
8
Let m(u) = -u - 5. Let f be m(-7). Let j(l) = 7*l + l**3 - f - 1 - l - 7*l**2. Let p be (-7 + 1 + 7)/((-3)/(-18)). Determine j(p).
-3
Let n(a) = -a**2 + 15*a + 3. Let l be 65/5 - (-2 + 0). Let w be n(l). Suppose -s + 2 = 0, 3*s - w + 1 = -4*t. Let c(g) = g**3 + 3*g**2 + g. Calculate c(t).
1
Suppose -5*w = -c - 11 - 7, 0 = 2*c + 6. Suppose 3 = l + w*y, 0*l - 27 = 2*l - 5*y. Let t(r) = r**2 + 9*r + 3. Calculate t(l).
-15
Let u(a) = 2*a - 7. Suppose 0 = -5*f - 30 - 45. Let c be 9/(1*(-4 + 2 + 1)). Let p = c - f. What is u(p)?
5
Suppose 0 = -i - 4*b + 16, 25 = 2*i + 2*i + 3*b. Let j(x) = x + 4. Let v(o) = 2*o + 8. Let l(g) = 5*j(g) - 2*v(g). Calculate l(i).
8
Suppose 5*o - 3 = 4*o. Let t(z) = z - 3 - 5 + 5*z**3 - 4*z**o + z**2. Let m = -127 + 127. Determine t(m).
-8
Let k(v) = v**3 - 2*v**2 + 2*v - 5. Let z = 98 - 96. Let r be k(z). Let j(i) = -20*i**3 + i**2 - 1. Give j(r).
20
Let b(a) = 2 - 16 - 35*a + 12*a + 31*a - a**2. Calculate b(3).
1
Let r(t) = t**3 - 4*t**2 - 4*t + 1. Suppose v + z = 9, 4*v - 2*z = -0 + 60. Suppose -3*k - v = -0*n - 5*n, 1 = -3*n + 4*k. Give r(n).
6
Let p be 2*3*(-1)/(-3). Let k(a) = -6*a - 1 + 22*a**2 + 4*a + 2 - 23*a**2 + 0. Calculate k(p).
-7
Let v(z) = z**3 + 8 - 2*z - 3*z**2 - z**2 - z**2 - 4*z. Suppose -2*f + 3*f + x - 3 = 0, 0 = -x - 3. What is v(f)?
8
Let u be ((-12)/15)/(2/(-15)). Let f = u + -8. Let v(m) be the second derivative of m**5/20 + m**4/4 + m**3/3 - m**2/2 + 1274*m. Give v(f).
-1
Suppose -3*o + 108 = -0*o. Suppose 3*i = -3*i + o. Let u(w) = -i*w + 11*w - 8 - 2*w. What is u(6)?
10
Let w be 4*((-2)/(-4) + -1). Let l be (1 + 1)*(0 + w). Let d(n) = n**2 + 2*n - 3. What is d(l)?
5
Let l(w) = -3*w**2 + 4*w + 3. Let s = 135 + -136. Determine l(s).
-4
Let s(x) = -x**2 + 22*x - 114. Let f be s(15). Let n(u) = -u**2 - 11*u - 3. Give n(f).
15
Let l(m) be the second derivative of m**5/60 + m**4/4 + 3*m**2/2 + 4*m. Let a(r) be the first derivative of l(r). Let u = -124 - -118. Determine a(u).
0
Let u(t) = t. Let g be u(-6). Let r(f) be the first derivative of 2*f**2 - 26 - 3*f**2 - 41*f + 42*f. Give r(g).
13
Suppose -c + 0*c = 5. Let k(u) = u - 2. Let j(t) = 5*t - 11. Let y(x) = x + 10. Let m be y(-12). Let z(n) = m*j(n) + 11*k(n). Determine z(c).
-5
Suppose 16*h = 12*h. Suppose -2*g + h = -12. Let s(q) be the second derivative of -q**5/20 + 5*q**4/12 + 7*q**3/6 - 5*q**2/2 - q. Calculate s(g).
1
Suppose -115 = -6*p - 17*p. Let c(v) = v**2 + v. Determine c(p).
30
Let w(l) = -l**3 - 5*l**2 + 5*l - 3. Let d(v) = v**2 + v - 1. Let r be d(-2). Suppose 12 = 2*h - 5*o, -3*h = h + 2*o. Let u be r*(-3 + h - 4). Determine w(u).
3
Let s(q) be the second derivative of -q**4/12 + 7*q**3/6 - 7*q**2 - 4*q + 42. Give s(5).
-4
Let i(o) = o**2 + 27*o - 25. Let d be i(-28). Suppose -2*r - 3*r = -4*v - 12, d*r - v = 3. Let h(x) = -x - 4 - x**2 + x. Give h(r).
-4
Let x(z) = -2*z**2 - 15*z + 13. Let q(h) = 3*h**2 + 22*h - 19. Let a(c) = -5*q(c) - 8*x(c). Determine a(-11).
2
Let v(h) = 21*h - 1. Suppose -2*r = 2*z + 2, z + 0*r - r + 9 = 0. Let p(b) = b**3 + 4*b**2 - 7*b - 11. Let j be p(z). What is v(j)?
-22
Let k(q) be the first derivative of -2 + 6*q - 1/2*q**2. What is k(0)?
6
Let r(k) = 2*k + 1. Suppose 8*l + 60 = 6*l. Let t = 32 + l. What is r(t)?
5
Suppose 4*x = 4*t + 156, -3*x + 75 = -2*t + 2*x. Let j be 3*(t/12)/(-2). Suppose c = -j + 1. Let v(a) = -a**3 - 5*a**2 - a + 2. Determine v(c).
-10
Suppose 3*h + 15 = -3*n, 4*h + n + 9 = -2. Let r be 1 + ((2 - 3) + -2 - h). Let d(k) = -k**2 - k - 2. Give d(r).
-2
Suppose -95*n + 498 - 118 = 0. Let j(k) = 7*k**2 - 10*k - 7. Let b(m) = -8*m**2 + 11*m + 8. Let h(u) = -6*b(u) - 7*j(u). What is h(n)?
1
Let v(u) = 3*u**3 + 3*u**2 + 2*u. Let c(i) = 8*i**3 + 5*i**2 + 3*i + 2. Let o(l) = -2*c(l) + 5*v(l). Give o(5).
16
Let d(l) = -2*l**2 - 12*l + 9. Let t(m) = -m**2 - 6*m + 5. Let j(a) = 3*d(a) - 5*t(a). Suppose -77*i + 93*i + 64 = 0. Give j(i).
10
Let y(m) = -2*m - 4*m + 7*m + 5*m**2 - 13*m**2. Determine y(-1).
-9
Let t(u) = 3*u**3 + 2*u**2 - u + 2. Suppose -2*z - 29 = 5*x, 1 = -2*z + x + 2. What is t(z)?
-12
Let h be (100/5)/(-4) - -43. Let w(a) = -1 + h*a**3 + 35*a**3 - 66*a**3. Give w(1).
6
Let u(o) = 9*o**3 + o. Let d = 179 - 178. Determine u(d).
10
Let k be ((-3)/2)/(54/252). Let s(p) = p**2 + 8*p - 7. Calculate s(k).
-14
Let l(u) = -u**3 + 4*u**2 + 4*u - 6. Let j be 6/30 - (-132)/15. Suppose n + 35 = j. Let c be (4 + n/4)*-2. Determine l(c).
-11
Let d = -24124 + 24124. Let s(y) be the first derivative of -y**3/3 - y**2/2 + 4*y + 1. Give s(d).
4
Let q(j) = -688*j**2 - j**3 - 697*j**2 + 8*j + 1379*j**2 + 5. What is q(-7)?
-2
Let c = 129 + -125. Let u(n) be the third derivative of 0*n + 0*n**c + 0 - 4*n**2 - 1/60*n**5 - 1/2*n**3. Give u(0).
-3
Suppose -3 = -3*m - 0*m. Let t(x) = 5*x**3 + 6*x**2 - 6. Let h = 124 + -129. Let n(w) = -w**3 - w**2 + 1. Let l(d) = h*t(d) - 30*n(d). What is l(m)?
5
Suppose 0 = 308*a - 297*a - 66. Let x(v) = 3*v - 18. Determine x(a).
0
Let b(q) = -q - 5. Let z(c) = -3*c - 14. Let m(k) = -7*b(k) + 2*z(k). Let x be (-2 + 2 + 1)/(19/(-133)). What is m(x)?
0
Let z(r) = r**2 - 18*r + 22. Let x(k) = -k**2 + 17*k - 20. Let d(p) = 7*x(p) + 6*z(p). Give d(9).
10
Let j(u) = 4*u**3 - 5*u**2 + 5*u + 11. Let d(g) = 5*g**3 - 6*g**2 + 6*g + 15. Let b(c) = 3*d(c) - 4*j(c). Determine b(2).
-3
Let m(o) = o - 9. Let q(n) = -2*n + 10. Let v(w) = -3*m(w) - 2*q(w). Let u(y) = -y + 3. Let d be u(9). Give v(d).
1
Let l(c) = 49*c + 49*c + 61*c - 151*c + 27. What is l(-5)?
-13
Let s(g) = -5*g + 13. Suppose 11*c - 72 = -7*c. What is s(c)?
-7
Let y(t) = t**2 + 13*t + 4. Let k be (-66)/88 - 49/4. Determine y(k).
4
Let v(s) = 2*s - 7. Let c(f) = -f + 1. Let g(i) = -3*c(i) - v(i). Let d(k) = 41*k - 37. Let y be d(1). Determine g(y).
8
Let p(y) = 13*y + 1. Suppose 4*a - 20 = -2*c, -2*a + 2*c = -2*c. Determine p(a).
53
Let y(f) = -f**3 + 2*f**2 + 3*f - 3. Let h(s) be the second derivative of -s**3/6 + 4*s**2 - 94*s. Let c = 5 - -1. Let w be h(c). Calculate y(w).
3
Let a(q) = 6*q**3 + 2*q**2 - 4*q - 5. Let v be a(-1). Let o(r) = -r**3 - 4*r**2 + 5*r - 3. Determine o(v).
-3
Let o(m) = 2*m**3 + m**2 - 3*m + 3. Suppose 41*v + 2 = 125. Determine o(v).
57
Let w(k) = 3*k**3 - 2*k - 1. Let j(y) = y**3 - 14*y**2 - 50*y - 23. Let m be j(17). Let v be 1*(-2 + (-4 - m) - 1). What is w(v)?
-2
Let y(m) be the third derivative of 32*m + 1/6*m**3 - 1/8*m**4 - m**2 + 0. Let p = -2 + 6. Give y(p).
-11
Let z(s) be the third derivative of -s**7/840 - s**6/72 + s**5/60 - s**4/4 - 5*s**3 + 26*s